{"id":69,"date":"2024-07-01T10:24:14","date_gmt":"2024-07-01T08:24:14","guid":{"rendered":"https:\/\/sosentreprises.fr\/?page_id=69"},"modified":"2024-09-17T21:42:23","modified_gmt":"2024-09-17T19:42:23","slug":"aides-aux-entreprises","status":"publish","type":"page","link":"https:\/\/sosentreprises.fr\/index.php\/aides-aux-entreprises\/","title":{"rendered":"Ressources Humaines"},"content":{"rendered":"<div data-colibri-id=\"69-c1\" class=\"style-295 style-local-69-c1 position-relative\">\n  <!---->\n  <div data-colibri-component=\"section\" data-colibri-id=\"69-c2\" id=\"custom\" class=\"h-section h-section-global-spacing d-flex align-items-lg-center align-items-md-center align-items-center style-301 style-local-69-c2 position-relative\">\n    <!---->\n    <!---->\n    <div class=\"h-section-grid-container h-section-boxed-container\">\n      <!---->\n      <div data-colibri-id=\"69-c3\" class=\"h-row-container gutters-row-lg-2 gutters-row-md-2 gutters-row-0 gutters-row-v-lg-2 gutters-row-v-md-2 gutters-row-v-2 style-398 style-local-69-c3 position-relative\">\n        <!---->\n        <div class=\"h-row justify-content-lg-center justify-content-md-center justify-content-center align-items-lg-stretch align-items-md-stretch align-items-stretch gutters-col-lg-2 gutters-col-md-2 gutters-col-0 gutters-col-v-lg-2 gutters-col-v-md-2 gutters-col-v-2\">\n          <!---->\n          <div class=\"h-column h-column-container d-flex h-col-lg-auto h-col-md-auto h-col-auto style-399-outer style-local-69-c4-outer\">\n            <div data-colibri-id=\"69-c4\" class=\"d-flex h-flex-basis h-column__inner h-px-lg-2 h-px-md-2 h-px-2 v-inner-lg-2 v-inner-md-2 v-inner-2 style-399 style-local-69-c4 position-relative\">\n              <!---->\n              <!---->\n              <div class=\"w-100 h-y-container h-column__content h-column__v-align flex-basis-100 align-self-lg-start align-self-md-start align-self-start\">\n                <!---->\n                <div data-colibri-id=\"69-c5\" class=\"h-global-transition-all h-heading style-400 style-local-69-c5 position-relative h-element\">\n                  <!---->\n                  <div class=\"h-heading__outer style-400 style-local-69-c5\">\n                    <!---->\n                    <!---->\n                    <h1 class=\"\">Ressources Humaines<\/h1>\n                  <\/div>\n                <\/div>\n              <\/div>\n            <\/div>\n          <\/div>\n        <\/div>\n      <\/div>\n      <div data-colibri-id=\"69-c6\" class=\"h-row-container gutters-row-lg-2 gutters-row-md-2 gutters-row-0 gutters-row-v-lg-2 gutters-row-v-md-2 gutters-row-v-2 style-304 style-local-69-c6 position-relative\">\n        <!---->\n        <div class=\"h-row justify-content-lg-center justify-content-md-center justify-content-center align-items-lg-stretch align-items-md-stretch align-items-stretch gutters-col-lg-2 gutters-col-md-2 gutters-col-0 gutters-col-v-lg-2 gutters-col-v-md-2 gutters-col-v-2\">\n          <!---->\n          <div class=\"h-column h-column-container d-flex h-col-lg-auto h-col-md-auto h-col-auto style-305-outer style-local-69-c7-outer\">\n            <div data-colibri-id=\"69-c7\" class=\"d-flex h-flex-basis h-column__inner h-px-lg-2 h-px-md-2 h-px-2 v-inner-lg-2 v-inner-md-2 v-inner-2 style-305 style-local-69-c7 position-relative\">\n              <!---->\n              <!---->\n              <div class=\"w-100 h-y-container h-column__content h-column__v-align flex-basis-100 align-self-lg-start align-self-md-start align-self-start\">\n                <!---->\n                <div data-colibri-id=\"69-c8\" class=\"h-text h-text-component style-306 style-local-69-c8 position-relative h-element\">\n                  <!---->\n                  <!---->\n                  <div class=\"\">\n                    <p>Notre service de <strong>Ressources Humaines<\/strong> est con\u00e7u pour vous accompagner dans la gestion efficace de vos \u00e9quipes et le d\u00e9veloppement des comp\u00e9tences de vos collaborateurs. Que vous soyez une petite entreprise ou une organisation\n                      plus importante, nous proposons des solutions sur mesure pour optimiser la gestion de vos ressources humaines, renforcer la motivation de vos employ\u00e9s et stimuler leur progression professionnelle.<\/p>\n                    <h4>Gestion de votre \u00e9quipe<\/h4>\n                    <ul>\n                      <li><strong>Gestion administrative des RH<\/strong> : Nous prenons en charge l\u2019ensemble des t\u00e2ches administratives li\u00e9es \u00e0 la gestion des employ\u00e9s, comme les contrats de travail, la gestion des absences, et la paie, vous permettant de\n                        vous concentrer sur votre c\u0153ur de m\u00e9tier.<\/li>\n                      <li><strong>Recrutement et int\u00e9gration<\/strong> : Nous vous aidons \u00e0 attirer les meilleurs talents en fonction de vos besoins sp\u00e9cifiques, et nous assurons une int\u00e9gration r\u00e9ussie des nouvelles recrues au sein de votre \u00e9quipe.<\/li>\n                      <li><strong>\u00c9valuation des performances<\/strong> : Nous mettons en place des outils et des processus d\u2019\u00e9valuation r\u00e9guli\u00e8re des performances, vous aidant \u00e0 identifier les forces et axes d\u2019am\u00e9lioration de chaque membre de votre \u00e9quipe.<\/li>\n                      <li><strong>Gestion des conflits et relations sociales<\/strong> : Notre \u00e9quipe vous accompagne dans la gestion des conflits internes et dans l&#8217;am\u00e9lioration du climat social au sein de votre entreprise.<\/li>\n                    <\/ul>\n                    <h4>D\u00e9veloppement des comp\u00e9tences<\/h4>\n                    <ul>\n                      <li><strong>Plan de formation personnalis\u00e9<\/strong> : Nous \u00e9laborons des plans de formation adapt\u00e9s aux besoins de votre entreprise et de vos collaborateurs, afin de d\u00e9velopper leurs comp\u00e9tences et de les pr\u00e9parer aux futurs d\u00e9fis.<\/li>\n                      <li><strong>Gestion des carri\u00e8res et des talents<\/strong> : Nous vous aidons \u00e0 identifier les potentiels au sein de votre entreprise et \u00e0 mettre en place des parcours de d\u00e9veloppement adapt\u00e9s, favorisant la r\u00e9tention et la motivation\n                        des talents.<\/li>\n                      <li><strong>Coaching et d\u00e9veloppement personnel<\/strong> : Nous proposons des programmes de coaching pour accompagner vos managers et collaborateurs dans leur progression personnelle et professionnelle.<\/li>\n                      <li><strong>Mise en place de la gestion pr\u00e9visionnelle des emplois et des comp\u00e9tences (GPEC)<\/strong> : Nous vous accompagnons dans l&#8217;anticipation des besoins en comp\u00e9tences et dans l\u2019adaptation de vos ressources humaines aux \u00e9volutions\n                        du march\u00e9.<\/li>\n                    <\/ul>\n                    <h4>Avantages de notre service en ressources humaines :<\/h4>\n                    <ul>\n                      <li><strong>Am\u00e9lioration de la productivit\u00e9<\/strong> et de l\u2019engagement des employ\u00e9s<\/li>\n                      <li><strong>Attraction et r\u00e9tention des talents<\/strong> gr\u00e2ce \u00e0 une gestion RH optimis\u00e9e<\/li>\n                      <li><strong>R\u00e9duction des co\u00fbts li\u00e9s au turnover<\/strong> et \u00e0 la gestion des conflits<\/li>\n                      <li><strong>D\u00e9veloppement des comp\u00e9tences cl\u00e9s<\/strong> pour renforcer votre comp\u00e9titivit\u00e9<\/li>\n                      <li><strong>Conformit\u00e9 l\u00e9gale<\/strong> assur\u00e9e en mati\u00e8re de gestion du personnel<\/li>\n                    <\/ul>\n                    <p>Faites confiance \u00e0 notre expertise en <strong>ressources humaines<\/strong> pour optimiser la gestion de votre \u00e9quipe et favoriser le d\u00e9veloppement des comp\u00e9tences de vos collaborateurs, afin de soutenir la croissance de votre entreprise.<\/p>\n                    <p>P<span style=\"color: rgb(0, 0, 0); font-family: &quot;Open Sans&quot;; font-size: 16px; font-weight: 400;\">our toutes demandes d\u2019audit, merci de nous contacter via notre formulaire de contact, par mail \u00e0 contact@sosentreprises.fr ou par t\u00e9l\u00e9phone au 0769755570.<\/span><\/p>\n                  <\/div>\n                <\/div>\n              <\/div>\n            <\/div>\n          <\/div>\n        <\/div>\n      <\/div>\n    <\/div>\n  <\/div>\n<\/div>","protected":false},"excerpt":{"rendered":"<p>Ressources Humaines Notre service de Ressources Humaines est con\u00e7u pour vous accompagner dans la gestion efficace de vos \u00e9quipes et le d\u00e9veloppement des comp\u00e9tences de vos collaborateurs. Que vous soyez une petite entreprise ou une organisation plus importante, nous proposons des solutions sur mesure pour optimiser la gestion de vos ressources humaines, renforcer la motivation [&hellip;]<\/p>\n","protected":false},"author":1,"featured_media":0,"parent":0,"menu_order":0,"comment_status":"closed","ping_status":"closed","template":"page-templates\/full-width-page.php","meta":{"_seopress_robots_primary_cat":"","_seopress_titles_title":"Ressources Humaines : Soutien pour la Gestion de Votre \u00c9quipe et le D\u00e9veloppement des Comp\u00e9tences","_seopress_titles_desc":"Notre service de Ressources Humaines est con\u00e7u pour vous accompagner dans la gestion efficace de vos \u00e9quipes et le d\u00e9veloppement des comp\u00e9tences de vos collaborateurs. Que vous soyez une petite entreprise ou une organisation plus importante, nous proposons des solutions sur mesure pour optimiser la gestion de vos ressources humaines, renforcer la motivation de vos employ\u00e9s et stimuler leur progression professionnelle.","_seopress_robots_index":"","footnotes":""},"class_list":["post-69","page","type-page","status-publish","hentry"],"_links":{"self":[{"href":"https:\/\/sosentreprises.fr\/index.php\/wp-json\/wp\/v2\/pages\/69","targetHints":{"allow":["GET"]}}],"collection":[{"href":"https:\/\/sosentreprises.fr\/index.php\/wp-json\/wp\/v2\/pages"}],"about":[{"href":"https:\/\/sosentreprises.fr\/index.php\/wp-json\/wp\/v2\/types\/page"}],"author":[{"embeddable":true,"href":"https:\/\/sosentreprises.fr\/index.php\/wp-json\/wp\/v2\/users\/1"}],"replies":[{"embeddable":true,"href":"https:\/\/sosentreprises.fr\/index.php\/wp-json\/wp\/v2\/comments?post=69"}],"version-history":[{"count":20,"href":"https:\/\/sosentreprises.fr\/index.php\/wp-json\/wp\/v2\/pages\/69\/revisions"}],"predecessor-version":[{"id":565,"href":"https:\/\/sosentreprises.fr\/index.php\/wp-json\/wp\/v2\/pages\/69\/revisions\/565"}],"wp:attachment":[{"href":"https:\/\/sosentreprises.fr\/index.php\/wp-json\/wp\/v2\/media?parent=69"}],"curies":[{"name":"wp","href":"https:\/\/api.w.org\/{rel}","templated":true}]}}