{"id":349,"date":"2024-09-17T20:09:16","date_gmt":"2024-09-17T18:09:16","guid":{"rendered":"https:\/\/sosentreprises.fr\/?page_id=349"},"modified":"2024-09-17T21:41:42","modified_gmt":"2024-09-17T19:41:42","slug":"marketing-communication","status":"publish","type":"page","link":"https:\/\/sosentreprises.fr\/index.php\/marketing-communication\/","title":{"rendered":"Marketing &#038; Communication"},"content":{"rendered":"<div data-colibri-id=\"349-c1\" class=\"style-317 style-local-349-c1 position-relative\">\n  <!---->\n  <div data-colibri-component=\"section\" data-colibri-id=\"349-c2\" id=\"custom\" class=\"h-section h-section-global-spacing d-flex align-items-lg-center align-items-md-center align-items-center style-318 style-local-349-c2 position-relative\">\n    <!---->\n    <!---->\n    <div class=\"h-section-grid-container h-section-boxed-container\">\n      <!---->\n      <div data-colibri-id=\"349-c3\" class=\"h-row-container gutters-row-lg-2 gutters-row-md-2 gutters-row-0 gutters-row-v-lg-2 gutters-row-v-md-2 gutters-row-v-2 style-395 style-local-349-c3 position-relative\">\n        <!---->\n        <div class=\"h-row justify-content-lg-center justify-content-md-center justify-content-center align-items-lg-stretch align-items-md-stretch align-items-stretch gutters-col-lg-2 gutters-col-md-2 gutters-col-0 gutters-col-v-lg-2 gutters-col-v-md-2 gutters-col-v-2\">\n          <!---->\n          <div class=\"h-column h-column-container d-flex h-col-lg-auto h-col-md-auto h-col-auto style-396-outer style-local-349-c4-outer\">\n            <div data-colibri-id=\"349-c4\" class=\"d-flex h-flex-basis h-column__inner h-px-lg-2 h-px-md-2 h-px-2 v-inner-lg-2 v-inner-md-2 v-inner-2 style-396 style-local-349-c4 position-relative\">\n              <!---->\n              <!---->\n              <div class=\"w-100 h-y-container h-column__content h-column__v-align flex-basis-100 align-self-lg-start align-self-md-start align-self-start\">\n                <!---->\n                <div data-colibri-id=\"349-c5\" class=\"h-global-transition-all h-heading style-397 style-local-349-c5 position-relative h-element\">\n                  <!---->\n                  <div class=\"h-heading__outer style-397 style-local-349-c5\">\n                    <!---->\n                    <!---->\n                    <h1 class=\"\">Marketing &amp; Communication<\/h1>\n                  <\/div>\n                <\/div>\n              <\/div>\n            <\/div>\n          <\/div>\n        <\/div>\n      <\/div>\n      <div data-colibri-id=\"349-c6\" class=\"h-row-container gutters-row-lg-2 gutters-row-md-2 gutters-row-0 gutters-row-v-lg-2 gutters-row-v-md-2 gutters-row-v-2 style-319 style-local-349-c6 position-relative\">\n        <!---->\n        <div class=\"h-row justify-content-lg-center justify-content-md-center justify-content-center align-items-lg-stretch align-items-md-stretch align-items-stretch gutters-col-lg-2 gutters-col-md-2 gutters-col-0 gutters-col-v-lg-2 gutters-col-v-md-2 gutters-col-v-2\">\n          <!---->\n          <div class=\"h-column h-column-container d-flex h-col-lg-auto h-col-md-auto h-col-auto style-320-outer style-local-349-c7-outer\">\n            <div data-colibri-id=\"349-c7\" class=\"d-flex h-flex-basis h-column__inner h-px-lg-2 h-px-md-2 h-px-2 v-inner-lg-2 v-inner-md-2 v-inner-2 style-320 style-local-349-c7 position-relative\">\n              <!---->\n              <!---->\n              <div class=\"w-100 h-y-container h-column__content h-column__v-align flex-basis-100 align-self-lg-start align-self-md-start align-self-start\">\n                <!---->\n                <div data-colibri-id=\"349-c8\" class=\"h-text h-text-component style-321 style-local-349-c8 position-relative h-element\">\n                  <!---->\n                  <!---->\n                  <div class=\"\">\n                    <p>Notre service de <strong>Marketing et Communication<\/strong> est con\u00e7u pour vous aider \u00e0 d\u00e9velopper et \u00e0 consolider la pr\u00e9sence de votre marque sur le march\u00e9. Gr\u00e2ce \u00e0 une approche strat\u00e9gique et personnalis\u00e9e, nous vous accompagnons\n                      dans la mise en place de campagnes marketing percutantes et d&#8217;une communication efficace pour attirer, engager et fid\u00e9liser vos clients.<\/p>\n                    <h4>Strat\u00e9gies de Marketing<\/h4>\n                    <ul>\n                      <li><strong>Audit de march\u00e9 et analyse concurrentielle<\/strong> : Nous r\u00e9alisons une \u00e9tude approfondie de votre secteur et de vos concurrents pour identifier les opportunit\u00e9s de croissance et les segments de march\u00e9 \u00e0 exploiter.<\/li>\n                      <li><strong>D\u00e9finition d&#8217;une strat\u00e9gie marketing sur mesure<\/strong> : Nous \u00e9laborons des strat\u00e9gies marketing adapt\u00e9es \u00e0 vos objectifs de d\u00e9veloppement, que vous cherchiez \u00e0 accro\u00eetre votre visibilit\u00e9, \u00e0 lancer un nouveau produit ou\n                        \u00e0 toucher de nouveaux publics.<\/li>\n                      <li><strong>Marketing digital<\/strong> : Nous mettons en \u0153uvre des solutions de marketing digital telles que le SEO, la publicit\u00e9 en ligne (Google Ads, r\u00e9seaux sociaux), l&#8217;emailing et l\u2019automatisation marketing pour optimiser votre pr\u00e9sence\n                        en ligne et attirer des prospects qualifi\u00e9s.<\/li>\n                      <li><strong>Gestion des r\u00e9seaux sociaux<\/strong> : Nous cr\u00e9ons et g\u00e9rons vos campagnes sur les principales plateformes sociales (Facebook, Instagram, LinkedIn, etc.), afin de renforcer l&#8217;engagement de votre audience et d\u2019accro\u00eetre la\n                        notori\u00e9t\u00e9 de votre marque.<\/li>\n                    <\/ul>\n                    <h4>Communication et Branding<\/h4>\n                    <ul>\n                      <li><strong>Strat\u00e9gie de communication globale<\/strong> : Nous d\u00e9veloppons une strat\u00e9gie de communication coh\u00e9rente et efficace pour renforcer votre image de marque et vous positionner comme un leader dans votre secteur.<\/li>\n                      <li><strong>Cr\u00e9ation de contenus<\/strong> : Nous produisons du contenu de qualit\u00e9 (articles, vid\u00e9os, infographies) qui refl\u00e8te les valeurs de votre entreprise et r\u00e9pond aux attentes de vos clients. Un contenu optimis\u00e9 pour le SEO est\n                        essentiel pour am\u00e9liorer votre visibilit\u00e9 en ligne.<\/li>\n                      <li><strong>Identit\u00e9 visuelle et branding<\/strong> : Nous vous accompagnons dans la cr\u00e9ation ou la refonte de votre identit\u00e9 visuelle (logo, charte graphique, etc.) pour que votre marque se d\u00e9marque et soit facilement reconnaissable.<\/li>\n                      <li><strong>Relations publiques et gestion de crise<\/strong> : Nous vous aidons \u00e0 g\u00e9rer votre image publique en mettant en place des actions de relations presse, de partenariats et de gestion de crise en cas de besoin.<\/li>\n                    <\/ul>\n                    <h4>Avantages de notre service Marketing et Communication :<\/h4>\n                    <ul>\n                      <li><strong>Am\u00e9lioration de la notori\u00e9t\u00e9<\/strong> de votre marque sur le march\u00e9<\/li>\n                      <li><strong>Acquisition et fid\u00e9lisation de nouveaux clients<\/strong> gr\u00e2ce \u00e0 des campagnes cibl\u00e9es<\/li>\n                      <li><strong>Visibilit\u00e9 accrue en ligne<\/strong> gr\u00e2ce \u00e0 des strat\u00e9gies digitales performantes<\/li>\n                      <li><strong>Renforcement de l&#8217;engagement<\/strong> avec votre audience via des contenus attractifs<\/li>\n                      <li><strong>Positionnement fort sur le march\u00e9<\/strong> face \u00e0 la concurrence<\/li>\n                    <\/ul>\n                    <p>Faites confiance \u00e0 notre service de <strong>Marketing et Communication<\/strong> pour construire des strat\u00e9gies sur mesure et renforcer votre pr\u00e9sence de march\u00e9, en attirant davantage de clients et en cr\u00e9ant une relation durable avec\n                      eux.<\/p>\n                    <p><span style=\"color: rgb(0, 0, 0); font-family: &quot;Open Sans&quot;; font-size: 16px; font-weight: 400;\">Pour toutes demandes d\u2019audit, merci de nous contacter via notre formulaire de contact, par mail \u00e0 contact@sosentreprises.fr ou par t\u00e9l\u00e9phone au 0769755570.<\/span><\/p>\n                    <p>\n                      <br>\n                    <\/p>\n                  <\/div>\n                <\/div>\n              <\/div>\n            <\/div>\n          <\/div>\n        <\/div>\n      <\/div>\n    <\/div>\n  <\/div>\n<\/div>","protected":false},"excerpt":{"rendered":"<p>Marketing &amp; Communication Notre service de Marketing et Communication est con\u00e7u pour vous aider \u00e0 d\u00e9velopper et \u00e0 consolider la pr\u00e9sence de votre marque sur le march\u00e9. Gr\u00e2ce \u00e0 une approche strat\u00e9gique et personnalis\u00e9e, nous vous accompagnons dans la mise en place de campagnes marketing percutantes et d&#8217;une communication efficace pour attirer, engager et fid\u00e9liser [&hellip;]<\/p>\n","protected":false},"author":1,"featured_media":0,"parent":0,"menu_order":0,"comment_status":"closed","ping_status":"closed","template":"page-templates\/full-width-page.php","meta":{"_seopress_robots_primary_cat":"","_seopress_titles_title":"Marketing et Communication : Strat\u00e9gies pour Renforcer Votre Pr\u00e9sence de March\u00e9","_seopress_titles_desc":"Notre service de Marketing et Communication est con\u00e7u pour vous aider \u00e0 d\u00e9velopper et \u00e0 consolider la pr\u00e9sence de votre marque sur le march\u00e9. Gr\u00e2ce \u00e0 une approche strat\u00e9gique et personnalis\u00e9e, nous vous accompagnons dans la mise en place de campagnes marketing percutantes et d'une communication efficace pour attirer, engager et fid\u00e9liser vos clients.","_seopress_robots_index":"","footnotes":""},"class_list":["post-349","page","type-page","status-publish","hentry"],"_links":{"self":[{"href":"https:\/\/sosentreprises.fr\/index.php\/wp-json\/wp\/v2\/pages\/349","targetHints":{"allow":["GET"]}}],"collection":[{"href":"https:\/\/sosentreprises.fr\/index.php\/wp-json\/wp\/v2\/pages"}],"about":[{"href":"https:\/\/sosentreprises.fr\/index.php\/wp-json\/wp\/v2\/types\/page"}],"author":[{"embeddable":true,"href":"https:\/\/sosentreprises.fr\/index.php\/wp-json\/wp\/v2\/users\/1"}],"replies":[{"embeddable":true,"href":"https:\/\/sosentreprises.fr\/index.php\/wp-json\/wp\/v2\/comments?post=349"}],"version-history":[{"count":6,"href":"https:\/\/sosentreprises.fr\/index.php\/wp-json\/wp\/v2\/pages\/349\/revisions"}],"predecessor-version":[{"id":558,"href":"https:\/\/sosentreprises.fr\/index.php\/wp-json\/wp\/v2\/pages\/349\/revisions\/558"}],"wp:attachment":[{"href":"https:\/\/sosentreprises.fr\/index.php\/wp-json\/wp\/v2\/media?parent=349"}],"curies":[{"name":"wp","href":"https:\/\/api.w.org\/{rel}","templated":true}]}}