{"id":270,"date":"2024-09-17T18:57:03","date_gmt":"2024-09-17T16:57:03","guid":{"rendered":"https:\/\/sosentreprises.fr\/index.php\/blog\/"},"modified":"2024-10-11T13:01:09","modified_gmt":"2024-10-11T11:01:09","slug":"blog","status":"publish","type":"page","link":"https:\/\/sosentreprises.fr\/index.php\/blog\/","title":{"rendered":"Nos Articles"},"content":{"rendered":"<ul class=\"wp-block-latest-posts__list has-dates has-author has-link-color wp-elements-50563ec621942ab4f136a932bd6451b1 wp-block-latest-posts has-text-color has-colibri-color-6-color has-medium-font-size\"><li><div class=\"wp-block-latest-posts__featured-image\"><img loading=\"lazy\" decoding=\"async\" width=\"300\" height=\"264\" src=\"https:\/\/sosentreprises.fr\/wp-content\/uploads\/2024\/11\/eviter-risques-650x573-1-300x264.png\" class=\"attachment-medium size-medium wp-post-image\" alt=\"pr\u00e9vention\" style=\"\" srcset=\"https:\/\/sosentreprises.fr\/wp-content\/uploads\/2024\/11\/eviter-risques-650x573-1-300x264.png 300w, https:\/\/sosentreprises.fr\/wp-content\/uploads\/2024\/11\/eviter-risques-650x573-1.png 650w\" sizes=\"auto, (max-width: 300px) 100vw, 300px\" \/><\/div><a class=\"wp-block-latest-posts__post-title\" href=\"https:\/\/sosentreprises.fr\/index.php\/2024\/11\/04\/defaillances-dentreprises-la-prevention-un-rempart-essentiel-face-a-la-vague\/\">D\u00e9faillances d&#8217;entreprises : la pr\u00e9vention, un rempart essentiel face \u00e0 la vague<\/a><div class=\"wp-block-latest-posts__post-author\">by SOS ENTREPRISES<\/div><time datetime=\"2024-11-04T10:56:20+01:00\" class=\"wp-block-latest-posts__post-date\">4 November 2024<\/time><div class=\"wp-block-latest-posts__post-excerpt\">Le paysage \u00e9conomique fran\u00e7ais a connu des transformations importantes ces derni\u00e8res ann\u00e9es, amplifi\u00e9es par des crises successives et l&#8217;impact de la pand\u00e9mie. Le constat est frappant : au 9 septembre, 20 dossiers de proc\u00e9dures de sauvegarde ont \u00e9t\u00e9 ouverts contre seulement 9 en 2023. Si le nombre de redressements judiciaires baisse (106 contre 122 en\u2026 <a class=\"wp-block-latest-posts__read-more\" href=\"https:\/\/sosentreprises.fr\/index.php\/2024\/11\/04\/defaillances-dentreprises-la-prevention-un-rempart-essentiel-face-a-la-vague\/\" rel=\"noopener noreferrer\">Read more<span class=\"screen-reader-text\">: D\u00e9faillances d&#8217;entreprises : la pr\u00e9vention, un rempart essentiel face \u00e0 la vague<\/span><\/a><\/div><\/li>\n<li><div class=\"wp-block-latest-posts__featured-image\"><img loading=\"lazy\" decoding=\"async\" width=\"300\" height=\"157\" src=\"https:\/\/sosentreprises.fr\/wp-content\/uploads\/2024\/10\/barometre-coupe-300x157.png\" class=\"attachment-medium size-medium wp-post-image\" alt=\"\" style=\"\" srcset=\"https:\/\/sosentreprises.fr\/wp-content\/uploads\/2024\/10\/barometre-coupe-300x157.png 300w, https:\/\/sosentreprises.fr\/wp-content\/uploads\/2024\/10\/barometre-coupe-768x402.png 768w, https:\/\/sosentreprises.fr\/wp-content\/uploads\/2024\/10\/barometre-coupe.png 800w\" sizes=\"auto, (max-width: 300px) 100vw, 300px\" \/><\/div><a class=\"wp-block-latest-posts__post-title\" href=\"https:\/\/sosentreprises.fr\/index.php\/2024\/10\/23\/les-defis-financiers-des-tpe-en-france-un-barometre-revelateur\/\">Les d\u00e9fis financiers des TPE en France : un barom\u00e8tre r\u00e9v\u00e9lateur<\/a><div class=\"wp-block-latest-posts__post-author\">by SOS ENTREPRISES<\/div><time datetime=\"2024-10-23T11:07:49+02:00\" class=\"wp-block-latest-posts__post-date\">23 October 2024<\/time><div class=\"wp-block-latest-posts__post-excerpt\">Les tr\u00e8s petites entreprises (TPE) sont un pilier essentiel de l&#8217;\u00e9conomie fran\u00e7aise. Toutefois, ces structures, souvent fragiles, rencontrent des d\u00e9fis financiers majeurs, exacerb\u00e9s par la conjoncture \u00e9conomique actuelle. Le dernier barom\u00e8tre des TPE, r\u00e9alis\u00e9 par l\u2019Ifop pour Fiducial en octobre 2024, met en lumi\u00e8re ces difficult\u00e9s et dresse un panorama pr\u00e9occupant de leur situation. Une\u2026 <a class=\"wp-block-latest-posts__read-more\" href=\"https:\/\/sosentreprises.fr\/index.php\/2024\/10\/23\/les-defis-financiers-des-tpe-en-france-un-barometre-revelateur\/\" rel=\"noopener noreferrer\">Read more<span class=\"screen-reader-text\">: Les d\u00e9fis financiers des TPE en France : un barom\u00e8tre r\u00e9v\u00e9lateur<\/span><\/a><\/div><\/li>\n<li><div class=\"wp-block-latest-posts__featured-image\"><img loading=\"lazy\" decoding=\"async\" width=\"300\" height=\"169\" src=\"https:\/\/sosentreprises.fr\/wp-content\/uploads\/2024\/10\/picture-300x169.jpg\" class=\"attachment-medium size-medium wp-post-image\" alt=\"\" style=\"\" srcset=\"https:\/\/sosentreprises.fr\/wp-content\/uploads\/2024\/10\/picture-300x169.jpg 300w, https:\/\/sosentreprises.fr\/wp-content\/uploads\/2024\/10\/picture-768x432.jpg 768w, https:\/\/sosentreprises.fr\/wp-content\/uploads\/2024\/10\/picture.jpg 896w\" sizes=\"auto, (max-width: 300px) 100vw, 300px\" \/><\/div><a class=\"wp-block-latest-posts__post-title\" href=\"https:\/\/sosentreprises.fr\/index.php\/2024\/10\/11\/bordeaux-en-difficulte-pourquoi-une-hausse-des-liquidations-judiciaires\/\">Bordeaux en difficult\u00e9 : pourquoi une hausse des liquidations judiciaires ?<\/a><div class=\"wp-block-latest-posts__post-author\">by SOS ENTREPRISES<\/div><time datetime=\"2024-10-11T12:30:48+02:00\" class=\"wp-block-latest-posts__post-date\">11 October 2024<\/time><div class=\"wp-block-latest-posts__post-excerpt\">Depuis 2023, Bordeaux traverse une p\u00e9riode \u00e9conomique critique, marqu\u00e9e par une augmentation inqui\u00e9tante des liquidations judiciaires. La c\u00e9l\u00e8bre rue commer\u00e7ante Sainte-Catherine, autrefois symbole de dynamisme et de prosp\u00e9rit\u00e9, est aujourd&#8217;hui confront\u00e9e \u00e0 de nombreux d\u00e9fis. Les commer\u00e7ants bordelais, autrefois au c\u0153ur de la vie \u00e9conomique locale, peinent \u00e0 attirer les visiteurs et \u00e0 maintenir leurs\u2026 <a class=\"wp-block-latest-posts__read-more\" href=\"https:\/\/sosentreprises.fr\/index.php\/2024\/10\/11\/bordeaux-en-difficulte-pourquoi-une-hausse-des-liquidations-judiciaires\/\" rel=\"noopener noreferrer\">Read more<span class=\"screen-reader-text\">: Bordeaux en difficult\u00e9 : pourquoi une hausse des liquidations judiciaires ?<\/span><\/a><\/div><\/li>\n<li><div class=\"wp-block-latest-posts__featured-image\"><img loading=\"lazy\" decoding=\"async\" width=\"300\" height=\"185\" src=\"https:\/\/sosentreprises.fr\/wp-content\/uploads\/2024\/10\/21951499-24815838-300x185.jpg\" class=\"attachment-medium size-medium wp-post-image\" alt=\"\" style=\"\" srcset=\"https:\/\/sosentreprises.fr\/wp-content\/uploads\/2024\/10\/21951499-24815838-300x185.jpg 300w, https:\/\/sosentreprises.fr\/wp-content\/uploads\/2024\/10\/21951499-24815838.jpg 618w\" sizes=\"auto, (max-width: 300px) 100vw, 300px\" \/><\/div><a class=\"wp-block-latest-posts__post-title\" href=\"https:\/\/sosentreprises.fr\/index.php\/2024\/10\/10\/alarme-sur-leconomie-francaise-102-500-emplois-menaces-en-2023\/\">Alarme sur l&#8217;\u00c9conomie Fran\u00e7aise : 102 500 Emplois Menac\u00e9s en 2023<\/a><div class=\"wp-block-latest-posts__post-author\">by SOS ENTREPRISES<\/div><time datetime=\"2024-10-10T12:55:18+02:00\" class=\"wp-block-latest-posts__post-date\">10 October 2024<\/time><div class=\"wp-block-latest-posts__post-excerpt\">L&#8217;\u00e9conomie fran\u00e7aise traverse une p\u00e9riode particuli\u00e8rement difficile. Les chiffres des six premiers mois de l&#8217;ann\u00e9e 2023 r\u00e9v\u00e8lent une augmentation de 18 % des d\u00e9fauts d\u2019entreprises par rapport \u00e0 la m\u00eame p\u00e9riode en 2022, selon les donn\u00e9es publi\u00e9es en juillet dernier par les administrateurs et mandataires judiciaires. Cette hausse alarmante met en p\u00e9ril pr\u00e8s de 102\u2026 <a class=\"wp-block-latest-posts__read-more\" href=\"https:\/\/sosentreprises.fr\/index.php\/2024\/10\/10\/alarme-sur-leconomie-francaise-102-500-emplois-menaces-en-2023\/\" rel=\"noopener noreferrer\">Read more<span class=\"screen-reader-text\">: Alarme sur l&#8217;\u00c9conomie Fran\u00e7aise : 102 500 Emplois Menac\u00e9s en 2023<\/span><\/a><\/div><\/li>\n<li><div class=\"wp-block-latest-posts__featured-image\"><img loading=\"lazy\" decoding=\"async\" width=\"300\" height=\"188\" src=\"https:\/\/sosentreprises.fr\/wp-content\/uploads\/2024\/10\/filters_quality70_formatwebp-300x188.webp\" class=\"attachment-medium size-medium wp-post-image\" alt=\"\" style=\"\" srcset=\"https:\/\/sosentreprises.fr\/wp-content\/uploads\/2024\/10\/filters_quality70_formatwebp-300x188.webp 300w, https:\/\/sosentreprises.fr\/wp-content\/uploads\/2024\/10\/filters_quality70_formatwebp-1024x640.webp 1024w, https:\/\/sosentreprises.fr\/wp-content\/uploads\/2024\/10\/filters_quality70_formatwebp-768x480.webp 768w, https:\/\/sosentreprises.fr\/wp-content\/uploads\/2024\/10\/filters_quality70_formatwebp-1536x960.webp 1536w, https:\/\/sosentreprises.fr\/wp-content\/uploads\/2024\/10\/filters_quality70_formatwebp-2048x1280.webp 2048w\" sizes=\"auto, (max-width: 300px) 100vw, 300px\" \/><\/div><a class=\"wp-block-latest-posts__post-title\" href=\"https:\/\/sosentreprises.fr\/index.php\/2024\/10\/09\/hausse-des-delais-de-paiement-un-risque-pour-la-tresorerie-des-entreprises\/\">Hausse des D\u00e9lais de Paiement : Un Risque pour la Tr\u00e9sorerie des Entreprises<\/a><div class=\"wp-block-latest-posts__post-author\">by SOS ENTREPRISES<\/div><time datetime=\"2024-10-09T12:52:51+02:00\" class=\"wp-block-latest-posts__post-date\">9 October 2024<\/time><div class=\"wp-block-latest-posts__post-excerpt\">En 2023, la situation \u00e9conomique des entreprises fran\u00e7aises est marqu\u00e9e par une hausse significative des d\u00e9lais de paiement. Bien que les tr\u00e9soreries semblent encore se maintenir \u00e0 flot, cette \u00e9volution fragilise de nombreuses entreprises, notamment les petites et moyennes entreprises (PME), d\u00e9j\u00e0 confront\u00e9es \u00e0 une multitude de d\u00e9fis. Il est essentiel pour les dirigeants d\u2019anticiper\u2026 <a class=\"wp-block-latest-posts__read-more\" href=\"https:\/\/sosentreprises.fr\/index.php\/2024\/10\/09\/hausse-des-delais-de-paiement-un-risque-pour-la-tresorerie-des-entreprises\/\" rel=\"noopener noreferrer\">Read more<span class=\"screen-reader-text\">: Hausse des D\u00e9lais de Paiement : Un Risque pour la Tr\u00e9sorerie des Entreprises<\/span><\/a><\/div><\/li>\n<\/ul>\n\n\n<p><\/p>\n","protected":false},"excerpt":{"rendered":"","protected":false},"author":1,"featured_media":0,"parent":0,"menu_order":0,"comment_status":"closed","ping_status":"closed","template":"","meta":{"_seopress_robots_primary_cat":"","_seopress_titles_title":"","_seopress_titles_desc":"","_seopress_robots_index":"","footnotes":""},"class_list":["post-270","page","type-page","status-publish","hentry"],"_links":{"self":[{"href":"https:\/\/sosentreprises.fr\/index.php\/wp-json\/wp\/v2\/pages\/270","targetHints":{"allow":["GET"]}}],"collection":[{"href":"https:\/\/sosentreprises.fr\/index.php\/wp-json\/wp\/v2\/pages"}],"about":[{"href":"https:\/\/sosentreprises.fr\/index.php\/wp-json\/wp\/v2\/types\/page"}],"author":[{"embeddable":true,"href":"https:\/\/sosentreprises.fr\/index.php\/wp-json\/wp\/v2\/users\/1"}],"replies":[{"embeddable":true,"href":"https:\/\/sosentreprises.fr\/index.php\/wp-json\/wp\/v2\/comments?post=270"}],"version-history":[{"count":9,"href":"https:\/\/sosentreprises.fr\/index.php\/wp-json\/wp\/v2\/pages\/270\/revisions"}],"predecessor-version":[{"id":638,"href":"https:\/\/sosentreprises.fr\/index.php\/wp-json\/wp\/v2\/pages\/270\/revisions\/638"}],"wp:attachment":[{"href":"https:\/\/sosentreprises.fr\/index.php\/wp-json\/wp\/v2\/media?parent=270"}],"curies":[{"name":"wp","href":"https:\/\/api.w.org\/{rel}","templated":true}]}}